mainder when 91 is divided by -3*(-5)/(-3) + 28.
22
Suppose 97 = 5*c - u - 103, -3*u = 2*c - 97. Calculate the remainder when c is divided by 4.
1
Let o = -3 + 64. Calculate the remainder when o is divided by 8.
5
What is the remainder when 36 is divided by ((-10)/8)/(((-1)/(-12))/(-1))?
6
Let b(o) be the second derivative of o**3/2 - 3*o**2/2 + 2*o. What is the remainder when 29 is divided by b(3)?
5
Suppose -12 + 0 = -4*x. Suppose 3*h + 12 = x*v - 0*h, v + 4*h - 29 = 0. Calculate the remainder when v is divided by 5.
4
Let g(j) = j**3 + 3*j**2 - 7*j - 5. Let k = -10 - -14. Calculate the remainder when g(-4) is divided by 4/(1/2*k).
1
Suppose 5*u = -2*j + 6, -23 = -5*j + 2*j - 4*u. Suppose 3*r - 30 + 3 = 0. Suppose 3*c = -4*s + r*s - 40, s = -c. Calculate the remainder when j is divided by s.
3
Let y = -3 + 1. Let w be -6*(36/8 + -4). What is the remainder when 29 is divided by (w + (-1 - 1))*y?
9
Let l = 140 - 71. What is the remainder when l is divided by 14?
13
Let t be (-15)/(-5)*8/(-3). What is the remainder when 3 is divided by (-9)/(-4) + t/32?
1
Suppose 3*k = -b - 3*b - 10, b - 2*k + 8 = 0. What is the remainder when 48 is divided by b + 21 - (-1 - -1)?
14
Suppose -444 = 48*p - 54*p. Let j(o) = -o**3 - 3*o**2 + 6*o + 5. Calculate the remainder when p is divided by j(-5).
24
Suppose -3*b = -4*b + 2. Let j = 4 - 5. What is the remainder when 8 is divided by -5*j/b*2?
3
Let z = -4 + 9. Suppose 32 = 5*j - 5*q + 2, j + 18 = -z*q. Suppose j*g = 10 + 20. Calculate the remainder when 43 is divided by g.
13
Suppose -5*h + 4*h = 96. Let z = h + 137. Calculate the remainder when z is divided by 22.
19
Suppose 7*m = 8*m - 4. Suppose 2*i - y = 25, -2*i - 4*y + 0*y + 50 = 0. Let g = i - 8. What is the remainder when g is divided by m?
3
Let u(j) = -3*j - 5*j + 7*j. What is the remainder when 45 is divided by u(-12)?
9
Suppose 13*t - 20 - 45 = 0. What is the remainder when 26 is divided by t?
1
Let u(b) = 2*b**2 - b. Let x be u(-1). Let i be (10/(-35))/(2/(-28)). Suppose -2*f + x*d + 57 = 0, 1 = i*d + 13. What is the remainder when f is divided by 13?
11
Let t be 1/4 - (-86)/8. Let d = t - 8. Let s(m) = 2*m**2 - 4*m + 2. Calculate the remainder when s(3) is divided by d.
2
Let o = 21 + -12. Calculate the remainder when o is divided by 3.
0
Suppose 0 = -0*o + o - 143. Suppose -o = -5*l + 67. Let b = l + -20. What is the remainder when b is divided by 12?
10
Suppose -3*n + 0*n = 0. Suppose o + 33 = 5*o + q, n = 4*o + 5*q - 37. What is the remainder when 30 is divided by o?
6
Suppose j = 17 - 14. Calculate the remainder when 6 is divided by j.
0
Let h(t) be the second derivative of -t**3/6 - 5*t**2/2 + 2*t. Let q be h(-9). Suppose 0 = 4*f - 56 - q. What is the remainder when f is divided by 9?
6
Suppose -3*k + 2*f + 3 = 5, 3*f = 3*k. Suppose 5*o = 19 + 66. What is the remainder when o is divided by -4*(k - (-2)/4)?
5
Let l(s) be the second derivative of 1/6*s**4 + 1/6*s**3 - 3*s - s**2 + 0. Calculate the remainder when l(-5) is divided by 11.
10
Let f be (-8)/20*60/(-3). Let h = f - 4. What is the remainder when h is divided by 3?
1
Let r = 36 + -18. Calculate the remainder when 89 is divided by r.
17
Suppose i + 3*i = 20, 0 = g - i - 29. Calculate the remainder when 67 is divided by g.
33
Suppose -4*g - n = -180, 2*g + 5*n = 7*g - 200. What is the remainder when 128 is divided by g?
40
Suppose 4*a - 342 = -14*a. What is the remainder when a is divided by 10?
9
Suppose 0 = -2*l + 3*l - 10. Let f be (369/(-3))/(6/(-4)). Let k = f - 44. What is the remainder when k is divided by l?
8
Suppose 5*m = 19 + 46. What is the remainder when 25 is divided by m?
12
Let t(q) = 3*q**2 - 4*q + 4. Calculate the remainder when t(5) is divided by 234/16 - 3/(-8).
14
Suppose -4*n = -n - 243. Suppose -3*t = -4*h - 56 - 31, 3*t - 2*h - n = 0. What is the remainder when 97 is divided by t?
22
Suppose -5*o + 12 = -2*o + 2*a, a = 0. Let d = -2 + 5. Suppose 0 = 2*j - 4*s - 2 - 0, 0 = -3*j - d*s + 48. What is the remainder when j is divided by o?
3
Let b(t) = t**2 - 10*t - 2. What is the remainder when b(11) is divided by 2?
1
Calculate the remainder when 49 is divided by (-2 + (-12)/(-5))*25.
9
Suppose 4 + 2 = -3*s. Let h = 5 + s. Let f(w) = w**2 + w + 2. What is the remainder when f(-2) is divided by h?
1
Suppose -3 + 15 = -2*u. Calculate the remainder when 57 is divided by (4/u)/((-1)/30).
17
Let w = -41 - -45. Let l = 4 - 7. Calculate the remainder when 43 is divided by 76/w - l/1.
21
Let z = -10 - -14. Suppose 0 = 3*j + z*n - 54, 0 = -6*n + 2*n - 12. What is the remainder when 42 is divided by j?
20
Let x(n) = -n**3 - n**2 + 2*n + 1. Let h be x(-2). Let p = 7 - h. What is the remainder when p is divided by 6 + -1 + (0 - 1)?
2
Suppose 2*u - 2*r - 60 = -2*u, 0 = u - 3*r - 5. What is the remainder when 132*3*3/18 is divided by u?
15
Suppose -2*n - u + 2*u = -19, 2*u = 3*n - 29. Calculate the remainder when 25 is divided by n.
7
Let n(m) = 2*m - 1. Suppose -k + 5*k = 28. Let r = k + -2. What is the remainder when n(5) is divided by r?
4
Suppose 0 = -0*k - 5*k + 50. Let j = -13 - -25. Suppose 4*o - 104 - j = 0. Calculate the remainder when o is divided by k.
9
Suppose -3*c + 3 = 3*v, -5*v + 9*c = 4*c - 45. What is the remainder when 41 + v - (4 - 2) is divided by 15?
14
Let v = 1 + 17. Suppose -x = x + 2*z - v, z = 1. What is the remainder when 22 is divided by x?
6
Let t(k) = k. Let y be t(5). Let l be (-20)/(-6)*6/y. Suppose a - 32 = u - 6*u, 2*u - 38 = -l*a. What is the remainder when 12 is divided by a?
5
Let x = -44 - -93. Suppose -4*k - 24 = 56. Let n = k - -37. Calculate the remainder when x is divided by n.
15
Let l(p) = p**2 - 5*p + 2. Suppose -5*r + 0*d = 4*d - 21, -8 = -2*r - 2*d. Suppose -2*y - 2*y = -16. What is the remainder when y is divided by l(r)?
0
Let c(f) = f**2 + 1. Let t = -5 - -3. Let l be t/(-7) - (-176)/(-28). Calculate the remainder when c(l) is divided by 13.
11
Suppose 6 = -2*x - 4*x. Calculate the remainder when (x - -2)*60 + 3 is divided by 22.
19
Let o(s) = s**3 + 7*s**2 + 4*s + 1. Let d be o(-6). Suppose -3*b - 4 = -d. What is the remainder when 6 is divided by b?
0
Let w(n) = n**3 + 12*n**2 - 4*n - 18. Calculate the remainder when w(-12) is divided by 4.
2
Let d(w) = -5*w + 26. Calculate the remainder when 102 is divided by d(0).
24
Let d(r) = -21*r**3 + 1. Let c be d(-1). Let l = 6 + c. What is the remainder when l is divided by 10?
8
Suppose 5*c - 175 = -5*r, -r - c = -4*c - 19. Calculate the remainder when 121 is divided by r.
28
Suppose 3*w - 6*q - 30 = -2*q, 0 = -5*w + 2*q + 36. Calculate the remainder when w is divided by 1.
0
Let a(y) = -y**2 + 8*y - 6. What is the remainder when 47 is divided by a(4)?
7
Let m = 3 + -1. Let i = 13 - m. What is the remainder when 20 is divided by i?
9
Let i = 13 - 11. Suppose 2*f - 38 = x, 3*f - 2*x = 74 - 18. Calculate the remainder when (-77)/((-4 + 2)/i) is divided by f.
17
Suppose 0 = 17*h - 13*h - 280. What is the remainder when h is divided by 18?
16
Let c = 4 + -1. Suppose -2*s = -c*s + 105. What is the remainder when 34 is divided by (-2)/(-6) - s/(-9)?
10
Let g(t) = -2*t**3 - 4*t**2 + 5. Suppose 11 = -2*f + 47. What is the remainder when g(-4) is divided by f?
15
Let o(d) = 16*d - 95. Calculate the remainder when ((-2)/(-6))/((-1)/(-3)) is divided by o(6).
0
Let x = 23 - 11. What is the remainder when x is divided by 4?
0
Let u(b) = -b**2 + 18*b - 10. What is the remainder when 34 is divided by u(17)?
6
Let t(a) = -3*a + 36. What is the remainder when t(-5) is divided by 13?
12
Let l = -6 - -20. Let d(p) = 5*p - 4. What is the remainder when d(6) is divided by l?
12
Suppose -3*v - 114 = -4*h + 352, 468 = 4*h - 2*v. Calculate the remainder when h is divided by 24.
22
Suppose -5*o + 4*h + 339 + 528 = 0, 0 = 4*h - 8. Calculate the remainder when o is divided by 22.
21
Let i(x) = 12*x - 57. What is the remainder when i(9) is divided by 26*1/2 + 0?
12
What is the remainder when 105 is divided by (-162)/(-4)*(-4)/(-6)?
24
Suppose -10 = 5*g - 5. What is the remainder when g/(21/22 + -1) is divided by 12?
10
Let h be 20/(-9) - (-2)/9. Let p = 2 - h. Let o = 2 + 1. Calculate the remainder when p is divided by o.
1
Suppose 13 = 4*x - 7. Let v be ((-2)/2)/((-1)/x). Suppose v*q = 196 + 9. What is the re